{"id":89,"date":"2013-08-25T16:50:59","date_gmt":"2013-08-25T15:50:59","guid":{"rendered":"http:\/\/localhost\/wordpress\/?page_id=89"},"modified":"2020-07-15T17:12:06","modified_gmt":"2020-07-15T16:12:06","slug":"stages-de-degres","status":"publish","type":"page","link":"https:\/\/www.fftbliguedelorraine.fr\/?page_id=89","title":{"rendered":"Stages de degr\u00e8s"},"content":{"rendered":"<div class=\"ydp9258de97yahoo-style-wrap\" style=\"font-size: 16px; font-family: bookman old style, new york, times, serif;\">\n<div>\n<p>Documents du 1<sup>er<\/sup> et 2<sup>\u00e8me <\/sup>degr\u00e9s, ainsi que les musiques et les vid\u00e9os pour chaque degr\u00e9 sont disponibles sur le site de la FFSTB, rubrique DOCUMENTS (<a href=\"http:\/\/www.fftwirling.fr\/\">http:\/\/www.fftwirling.fr\/<\/a>).<\/p>\n<p><a href=\"https:\/\/fftb.sharepoint.com\/Documents%20partages\/Forms\/AllItems.aspx?id=%2FDocuments%20partages%2FDocuments%20Publics&amp;p=true&amp;originalPath=aHR0cHM6Ly9mZnRiLnNoYXJlcG9pbnQuY29tLzpmOi9nL0Vyd3N3WXUyMkF4R21nVGlZc1BFeXpVQkFZYlVDTU5Da2hkZEw5UjNKenRQSWc_cnRpbWU9aGNHbDNHb2kyRWc\" data-ogsc=\"\">Documents Publics<\/a><\/p>\n<p style=\"background: white;\"><span style=\"font-size: 12.0pt; color: #212121;\">Une fois sur le site internet de la FFSTB, e<\/span><span style=\"font-size: 12.0pt; color: black;\">n bas \u00e0 droite cliquez sur les fl\u00e8ches jusqu&rsquo;\u00e0 ce que vous arriviez sur Documents FFSTB, et les informations se trouvent dans le Dossier \u00ab\u00a040_Commission_Formation\u00a0\u00bb.<\/span><\/p>\n<p><a href=\"http:\/\/www.fftbliguedelorraine.fr\/wp-content\/uploads\/2020\/07\/1erDegre_2emDegre_Fiche-conseil-pour-cadre-technique_v.-Juil2019.pdf\">1erDegre_2emDegre_Fiche conseil pour cadre technique_v. Juil2019<\/a><\/p>\n<p><a href=\"http:\/\/www.fftbliguedelorraine.fr\/wp-content\/uploads\/2020\/07\/1erDegre_2emeDegre_Niveau-A_Preparation-Physique_v.-Juil2019.pdf\">1erDegre_2emeDegre_Niveau A_Preparation Physique_v. Juil2019<\/a><\/p>\n<p><a href=\"http:\/\/www.fftbliguedelorraine.fr\/wp-content\/uploads\/2020\/07\/1erDegre_Carnet-de-suivi_v.-Aout2019.pdf\">1erDegre_Carnet de suivi_v. Aout2019<\/a><\/p>\n<p><a href=\"http:\/\/www.fftbliguedelorraine.fr\/wp-content\/uploads\/2020\/07\/1erDegre_Niveau-A_Lance_v.-Juil2019.pdf\">1erDegre_Niveau A_Lance_v. Juil2019<\/a><\/p>\n<p><a href=\"http:\/\/www.fftbliguedelorraine.fr\/wp-content\/uploads\/2020\/07\/1erDegre_Niveau-A_Maniement-General_v.-Juil2019.pdf\">1erDegre_Niveau A_Maniement General_v. Juil2019<\/a><\/p>\n<p><a href=\"http:\/\/www.fftbliguedelorraine.fr\/wp-content\/uploads\/2020\/07\/1erDegre_Niveau-A_Roule_v.-Juil2019.pdf\">1erDegre_Niveau A_Roule_v. Juil2019<\/a><\/p>\n<p><a href=\"http:\/\/www.fftbliguedelorraine.fr\/wp-content\/uploads\/2020\/07\/1erDegre_Niveau-A_Technique-de-corps_v.-Juil2019.pdf\">1erDegre_Niveau A_Technique de corps_v. Juil2019<\/a><\/p>\n<p><a href=\"http:\/\/www.fftbliguedelorraine.fr\/wp-content\/uploads\/2020\/07\/1erDegre_Niveau-B_Enchainements_v.-Juil2019.pdf\">1erDegre_Niveau B_Enchainements_v. Juil2019<\/a><\/p>\n<audio class=\"wp-audio-shortcode\" id=\"audio-89-1\" preload=\"none\" style=\"width: 100%;\" controls=\"controls\"><source type=\"audio\/mpeg\" src=\"http:\/\/www.fftbliguedelorraine.fr\/wp-content\/uploads\/2020\/07\/1erDegre_NiveauB_Musique.mp3?_=1\" \/><a href=\"http:\/\/www.fftbliguedelorraine.fr\/wp-content\/uploads\/2020\/07\/1erDegre_NiveauB_Musique.mp3\">http:\/\/www.fftbliguedelorraine.fr\/wp-content\/uploads\/2020\/07\/1erDegre_NiveauB_Musique.mp3<\/a><\/audio>\n<p><a href=\"http:\/\/www.fftbliguedelorraine.fr\/wp-content\/uploads\/2020\/07\/1erDegre_2emDegre_Fiche-conseil-pour-cadre-technique_v.-Juil2019-1.pdf\">1erDegre_2emDegre_Fiche conseil pour cadre technique_v. Juil2019<\/a><\/p>\n<p><a href=\"http:\/\/www.fftbliguedelorraine.fr\/wp-content\/uploads\/2020\/07\/1erDegre_2emeDegre_Niveau-A_Preparation-Physique_v.-Juil2019-1.pdf\">1erDegre_2emeDegre_Niveau A_Preparation Physique_v. Juil2019<\/a><\/p>\n<p><a href=\"http:\/\/www.fftbliguedelorraine.fr\/wp-content\/uploads\/2020\/07\/2emDegre_Carnet-de-suivi_v.-Juil2019.pdf\">2emDegre_Carnet de suivi_v. Juil2019<\/a><\/p>\n<p><a href=\"http:\/\/www.fftbliguedelorraine.fr\/wp-content\/uploads\/2020\/07\/2emDegre_Niveau-A_Lance_v.-Juil2019.pdf\">2emDegre_Niveau A_Lance_v. Juil2019<\/a><\/p>\n<p><a href=\"http:\/\/www.fftbliguedelorraine.fr\/wp-content\/uploads\/2020\/07\/2emDegre_Niveau-A_Maniement-General-_v.-Juil2019.pdf\">2emDegre_Niveau A_Maniement General _v. Juil2019<\/a><\/p>\n<p><a href=\"http:\/\/www.fftbliguedelorraine.fr\/wp-content\/uploads\/2020\/07\/2emDegre_Niveau-A_Roule_v.-Juil2019.pdf\">2emDegre_Niveau A_Roule_v. Juil2019<\/a><\/p>\n<p><a href=\"http:\/\/www.fftbliguedelorraine.fr\/wp-content\/uploads\/2020\/07\/2emDegre_Niveau-A_Technique-de-corps_v.-Juil2019.pdf\">2emDegre_Niveau A_Technique de corps_v. Juil2019<\/a><\/p>\n<p><a href=\"http:\/\/www.fftbliguedelorraine.fr\/wp-content\/uploads\/2020\/07\/2emDegre_Niveau-B_Enchainements_v.-Aout2019.pdf\">2emDegre_Niveau B_Enchainements_v. Aout2019<\/a><\/p>\n<audio class=\"wp-audio-shortcode\" id=\"audio-89-2\" preload=\"none\" style=\"width: 100%;\" controls=\"controls\"><source type=\"audio\/mpeg\" src=\"http:\/\/www.fftbliguedelorraine.fr\/wp-content\/uploads\/2020\/07\/2emDegre_Niveau-B_Musique.mp3?_=2\" \/><a href=\"http:\/\/www.fftbliguedelorraine.fr\/wp-content\/uploads\/2020\/07\/2emDegre_Niveau-B_Musique.mp3\">http:\/\/www.fftbliguedelorraine.fr\/wp-content\/uploads\/2020\/07\/2emDegre_Niveau-B_Musique.mp3<\/a><\/audio>\n<p>***************************************************************************************************<\/p>\n<p>Un<strong>\u00a0<\/strong><strong>stage d&rsquo;\u00e9valuation du 1er degr\u00e9 niveaux A et B aura lieu le samedi 7\/12 de 14h00 \u00e0 18h00 et dimanche 08\/12 de 9h00 \u00e0 16h00 au centre des sports Bernard Guy, avenue Guynemer \u00e0 Pont \u00e0 Mousson.\u00a0<\/strong><\/p>\n<p>Ce stage sera encadr\u00e9 par Marie Anne Colosio (instructive\u00a0r\u00e9gionale) &amp; M\u00e9lissa Mavounza (instructive\u00a0d\u00e9partementale).<\/p>\n<p>Cette formation est ouverte \u00e0 tous les athl\u00e8tes ayant d\u00e9j\u00e0 suivi un stage d&rsquo;apprentissage 1er degr\u00e9 <strong>(prise de mesures initiales obligatoirement d\u00e9j\u00e0 effectu\u00e9e pour passer l&rsquo;\u00e9valuation du niveau A).<\/strong><\/p>\n<p>La\u00a0<strong>pr\u00e9sence d&rsquo;un encadrant club est souhaitable<\/strong>\u00a0afin de prendre en compte les corrections\/informations communiqu\u00e9es par l&rsquo;enseignant sur place.<\/p>\n<p><strong>Merci de me faire parvenir vos inscriptions (NOM, Pr\u00e9nom + N\u00b0 de licence) avant le lundi 2 d\u00e9cembre svp.\u00a0<\/strong><\/p>\n<p><strong>Le nombre de places est limit\u00e9 afin d&rsquo;encadrer les inscrits dans les meilleures conditions possibles.\u00a0<\/strong><\/p>\n<p>Chaque athl\u00e8te inscrit devra se munir d&rsquo;un livret \u00ab\u00a0M\u00e9thode\u00a0\u00bb disponible sur le site du comit\u00e9 interd\u00e9partemental.<\/p>\n<p>Je reste \u00e0 votre disposition si n\u00e9cessaire,<\/p>\n<p>Bien \u00e0 vous.<\/p>\n<p>Caroline SCHUSTER<\/p>\n<p>Pour le CIDV4M<\/p>\n<p style=\"text-align: center;\">**************************************<\/p>\n<p>Un<strong>\u00a0<\/strong><strong>stage d&rsquo;apprentissage du 1er degr\u00e9 niveau B aura lieu le dimanche 24 novembre 2019 <\/strong>de 9h00 \u00e0 16h00 \u00e0 FORBACH, Gymnase Robert Perrussel, all\u00e9e des fr\u00eanes.<\/p>\n<p>Ce stage sera encadr\u00e9 par Fidrich Laetitia, ICN4.<\/p>\n<p>Cette formation est ouverte \u00e0 tous les athl\u00e8tes qui d\u00e9sirent\u00a0<strong>d\u00e9marrer et\/ou approfondir l&rsquo;apprentissage du niveau B (chor\u00e9graphie) et REVISER le niveau A du 1er degr\u00e9<\/strong>. La\u00a0<strong>pr\u00e9sence d&rsquo;un encadrant club est souhaitable<\/strong>\u00a0afin de prendre en compte les corrections\/informations communiqu\u00e9es par l&rsquo;enseignant sur place.<\/p>\n<p><strong>Merci de me faire parvenir vos inscriptions (NOM, Pr\u00e9nom + N\u00b0 de licence) avant le lundi 18 novembre svp.\u00a0<\/strong><\/p>\n<p><strong>Le nombre de places est limit\u00e9 afin d&rsquo;encadrer les inscrits dans les meilleures conditions possibles.\u00a0<\/strong><\/p>\n<p>Chaque athl\u00e8te inscrit devra se munir d&rsquo;un livret \u00ab\u00a0M\u00e9thode\u00a0\u00bb disponible sur le site du comit\u00e9 interd\u00e9partemental.<\/p>\n<p>Je reste \u00e0 votre disposition si n\u00e9cessaire,<\/p>\n<p>Bien \u00e0 vous.<\/p>\n<p>Caroline SCHUSTER<\/p>\n<p>Pour le CIDV4M<\/p>\n<p style=\"text-align: center;\">*******************************************<\/p>\n<p><strong>Un\u00a0stage d&rsquo;apprentissage du 1er degr\u00e9 niveau A aura lieu le lundi 21 octobre 2019 <\/strong>de 9h00 \u00e0 16h00 \u00e0 PONT A MOUSSON, centre des sports Bernard Guy, avenue Guynemer.<\/p>\n<p>Ce stage sera encadr\u00e9 par Fidrich Laetitia, ICN4 et se d\u00e9roulera en m\u00eame temps que le 1er regroupement du P\u00f4le Espoir.<\/p>\n<p>Cette formation est ouverte \u00e0 tous les athl\u00e8tes qui d\u00e9sirent\u00a0<strong>d\u00e9marrer et\/ou approfondir le niveau A (\u00e9l\u00e9ments techniques\u00a0 corps et b\u00e2ton) du 1er degr\u00e9<\/strong>. <strong>La\u00a0pr\u00e9sence d&rsquo;un encadrant club est souhaitable<\/strong>\u00a0afin de prendre en compte les corrections\/informations communiqu\u00e9es par l&rsquo;enseignant sur place.<\/p>\n<p>&nbsp;<\/p>\n<p><strong>Merci de me faire parvenir vos inscriptions (NOM, Pr\u00e9nom + N\u00b0 de licence) avant le lundi 14 octobre svp.\u00a0<\/strong><\/p>\n<p><strong>Le nombre de places est limit\u00e9 afin d&rsquo;encadrer les inscrits dans les meilleures conditions possibles.\u00a0<\/strong><\/p>\n<p>Chaque athl\u00e8te inscrit devra se munir d&rsquo;un livret \u00ab\u00a0M\u00e9thode\u00a0\u00bb disponible sur le site du comit\u00e9 interd\u00e9partemental.<\/p>\n<p>&nbsp;<\/p>\n<p>Je reste \u00e0 votre disposition si n\u00e9cessaire,<\/p>\n<p>Bien \u00e0 vous.<\/p>\n<p>&nbsp;<\/p>\n<p>Caroline SCHUSTER<\/p>\n<p>Pour le CIDV4M<\/p>\n<hr \/>\n<p>Le comit\u00e9 interd\u00e9partemental organise<strong> un stage 1er degr\u00e9\u00a0(niveau A + B) \u00e0 Pont \u00e0 Mousson<\/strong> (Centre des sports Bernard Guy), avenue Georges Guynemer.<\/p>\n<p>Ce stage se d\u00e9cline en 2 volets :<\/p>\n<p>&#8211; 3 janvier 2019 : Apprentissage 1er degr\u00e9 NIVEAU B (chor\u00e9graphie)<\/p>\n<p><strong>Ce stage est ouvert \u00e0 tous les athl\u00e8tes ayant travaill\u00e9 en amont le niveau A.<\/strong><\/p>\n<p>&#8211; 4 janvier 2019 : Evaluation 1er degr\u00e9 (niveau A et\/ou niveau B)<\/p>\n<p><strong>Ce stage est ouvert \u00e0 tous les athl\u00e8tes ayant pr\u00e9par\u00e9 les \u00e9l\u00e9ments du 1er degr\u00e9 en amont y compris le niveau B le 03\/01.<\/strong><\/p>\n<p>Le stage sera encadr\u00e9 par Cl\u00e9mentine Majurel, ETN2.<\/p>\n<p>Le nombre de places est limit\u00e9 \u00e0 15 participantes par jour.<\/p>\n<p>Chaque athl\u00e8te devra \u00eatre pr\u00e9sent munie de son livret du 1er degr\u00e9 (disponible sur le site du CID V4M).<\/p>\n<p>Concernant les athl\u00e8tes pr\u00e9sents au stage ESPOIR, un am\u00e9nagement de l&rsquo;examen sera mis en place le 04\/01.<\/p>\n<p><strong>Proc\u00e9dure d&rsquo;inscription :<\/strong><\/p>\n<p>Merci de me communiquer pour le <strong>22 d\u00e9cembre au plus tard<\/strong>\u00a0: NOM Pr\u00e9nom + n\u00b0 de licence de l&rsquo;athl\u00e8te + Pr\u00e9ciser session du 03\/01 et\/ou du 04\/01 (avec le nombre d&rsquo;\u00e9l\u00e9ments \u00e0 valider)<\/p>\n<p>Je reste \u00e0 votre disposition,<\/p>\n<p>Bien \u00e0 vous.<\/p>\n<p>Caroline Schuster<\/p>\n<p>Pour la CTR du CIDV4M<\/p>\n<\/div>\n<div style=\"text-align: center;\">****************************<\/div>\n<div><span style=\"font-family: verdana, helvetica, sans-serif; font-size: small;\">Voici les informations concernant\u00a0<b><span style=\"color: #cd232c;\">l&rsquo;apprentissage du 1er degr\u00e9 qui aura lieu le 25 novembre prochain de 9h00 \u00e0 16h00\u00a0<\/span><\/b>au gymnase de Brabois, rue d&rsquo;Aquitaine \u00e0 VANDOEUVRE LES NANCY.\u00a0<\/span><span style=\"font-size: small; font-family: verdana, helvetica, sans-serif;\">\u00a0<\/span><\/div>\n<div><span style=\"font-family: verdana, helvetica, sans-serif; font-size: small;\">L&rsquo;effectif du stage est complet,\u00a0 si vous avez une d\u00e9fection merci de me le signaler au plus vite.\u00a0<\/span><\/div>\n<div><span style=\"font-family: verdana, helvetica, sans-serif; font-size: small;\">Pour ce stage, les athl\u00e8tes doivent \u00eatre munis de leur livret de formation 1er degr\u00e9.\u00a0<\/span><\/div>\n<div><span style=\"font-family: verdana, helvetica, sans-serif; font-size: small;\">Je reste \u00e0 votre disposition si vous avez des questions,\u00a0<\/span><\/div>\n<div><span style=\"font-family: verdana, helvetica, sans-serif; font-size: small;\">Bien \u00e0 vous.\u00a0<\/span><\/div>\n<div><span style=\"font-family: verdana, helvetica, sans-serif; font-size: small;\">Caroline Schuster<\/span><\/div>\n<div><span style=\"font-family: verdana, helvetica, sans-serif; font-size: small;\">Pour la CTR du CID V4M<\/span><\/div>\n<div style=\"text-align: center;\">**************************<\/div>\n<div><span style=\"font-family: Arimo, Verdana, Arial; font-size: 0.95em;\">Un <\/span><strong style=\"font-family: Arimo, Verdana, Arial; font-size: 0.95em;\">stage d&rsquo;apprentissage du 1er degr\u00e9 niveau A aura lieu le dimanche 25 novembre 2018 de 9h00 \u00e0 16h00 \u00e0 Vandoeuvre les Nancy<\/strong><span style=\"font-family: Arimo, Verdana, Arial; font-size: 0.95em;\"> (Gymnase de Brabois, rue d&rsquo;Aquitaine).<\/span><\/div>\n<\/div>\n<p>Cette formation est ouverte \u00e0 tous les athl\u00e8tes qui d\u00e9sirent <strong>d\u00e9marrer et\/ou approfondir le niveau A (\u00e9l\u00e9ments techniques corps et b\u00e2ton) du 1er degr\u00e9<\/strong>. La <strong>pr\u00e9sence d&rsquo;un encadrant club est souhaitable<\/strong> afin de prendre en compte les corrections\/informations communiqu\u00e9es par l&rsquo;enseignant sur place.<\/p>\n<p><strong>Merci de me faire parvenir vos inscriptions (NOM, Pr\u00e9nom + N\u00b0 de licence) avant le lundi 19 novembre 2018. <\/strong><\/p>\n<p><strong>Le nombre de places est limit\u00e9 afin d&rsquo;encadrer les inscrits dans les meilleures conditions possibles. <\/strong><\/p>\n<p>Chaque athl\u00e8te inscrit devra se munir d&rsquo;un livret \u00ab\u00a0M\u00e9thode\u00a0\u00bb disponible sur le site du comit\u00e9 interd\u00e9partemental.<\/p>\n<p>Je reste \u00e0 votre disposition si n\u00e9cessaire,<\/p>\n<p>Bien\u00a0 \u00e0 vous,<\/p>\n<p>Caroline Schuster<\/p>\n<p>Membre comit\u00e9 technique CID V4M<\/p>\n<p style=\"text-align: center;\">*******************************<\/p>\n<p>Le comit\u00e9 interd\u00e9partemental organise <strong>les 30 et 31 octobre prochain un stage d&rsquo;\u00e9valuation du 1er degr\u00e9 (niveau A + B) \u00e0 Pont \u00e0 Mousson<\/strong> (Centre des sports Bernard Guy), avenue Georges Guynemer.<\/p>\n<p><strong>Ce stage est ouvert \u00e0 tous les athl\u00e8tes ayant pr\u00e9par\u00e9 les \u00e9l\u00e9ments du 1er degr\u00e9 en amont<\/strong>, il s&rsquo;agira exclusivement d&rsquo;une \u00e9valuation (mis en situation d&rsquo;examen).<\/p>\n<p>Le stage sera encadr\u00e9 par Cl\u00e9mentine Majurel, instructrice r\u00e9gionale.<\/p>\n<p>Le nombre de places est limit\u00e9 \u00e0 12 participantes.<\/p>\n<p>Chaque athl\u00e8te devra \u00eatre pr\u00e9sent munie de son livret du 1er degr\u00e9 (disponible sur le site du CID V4M).<\/p>\n<p>Concernant les athl\u00e8tes pr\u00e9sents au stage ESPOIR, un am\u00e9nagement de l&rsquo;examen sera mis en place.<\/p>\n<p><strong>Proc\u00e9dure d&rsquo;inscription :<\/strong><\/p>\n<p>Merci de me communiquer pour le <strong>21 octobre au plus tard<\/strong> : NOM Pr\u00e9nom + n\u00b0 de licence de l&rsquo;athl\u00e8te + nombre d&rsquo;\u00e9l\u00e9ments \u00e0 valider dans le niveau A ou pr\u00e9ciser niveau B (chor\u00e9graphie).<\/p>\n<p>Le planning du stage vous sera communiqu\u00e9 le lendemain 22 octobre 2018 par e-mail (horaires + temps de pr\u00e9sence n\u00e9cessaire).<\/p>\n<p>Je reste \u00e0 votre disposition,<\/p>\n<p>Bien \u00e0 vous. Caroline Schuster<\/p>\n<p style=\"text-align: center;\">*************************<\/p>\n<p>Comme communiqu\u00e9 par la f\u00e9d\u00e9ration, l&rsquo;apprentissage de la m\u00e9thode reprend peu \u00e0 peu sa place au c\u0153ur de notre sport.<\/p>\n<p>Avec l&rsquo;arriv\u00e9e prochaine de la fili\u00e8re Nationale 4 (pr\u00e9vue en 2020), la connaissance et l&rsquo;ex\u00e9cution parfaite des \u00e9l\u00e9ments du 1er degr\u00e9 seront indispensables \u00e0 l&rsquo;entr\u00e9e en comp\u00e9tition de nos jeunes athl\u00e8tes d\u00e9butants.<\/p>\n<p>Les fondamentaux de la m\u00e9thode doivent donc occuper une place accrue dans les apprentissages.<\/p>\n<p>Pour la saison 2018\/2019, le planning des stages a \u00e9t\u00e9 \u00e9tabli en accord avec la comit\u00e9 technique du CID comme suit :<\/p>\n<p><span style=\"color: #0000ff;\"><strong>30\/31 Octobre (Pont \u00e0 Mousson) :<\/strong><\/span><\/p>\n<p><strong>EVALUATION<\/strong> 1er degr\u00e9 (2\u00e8me degr\u00e9 si demande)<\/p>\n<p><span style=\"color: #0000ff;\"><strong>2\u00e8me quinzaine de novembre :<\/strong><\/span><\/p>\n<p><strong>APPRENTISSAGE<\/strong> 1er degr\u00e9 (El\u00e9ments niveau A)<\/p>\n<p>-&gt; Actuellement en recherche de lieu et d&rsquo;encadrement<\/p>\n<p><span style=\"color: #0000ff;\"><strong>D\u00e9cembre 2018 :<\/strong><\/span><\/p>\n<p><strong>APPRENTISSAGE<\/strong> 1er degr\u00e9 (Chor\u00e9graphie niveau B) + 2\u00e8me degr\u00e9<\/p>\n<p>-&gt; Actuellement en recherche de lieu et d&rsquo;encadrement<\/p>\n<p><span style=\"color: #0000ff;\"><strong>03\/04 Janvier 2019 (Pont \u00e0 Mousson) :<\/strong><\/span><\/p>\n<p><strong>EVALUATION<\/strong> 1er degr\u00e9\u00a0 (2\u00e8me degr\u00e9 si demande)<\/p>\n<p>Nous vous invitons donc \u00e0 r\u00e9investir ce domaine et encourager vos athl\u00e8tes \u00e0 se former en ce sens. D&rsquo;autant plus que l&rsquo;acc\u00e8s \u00e0 la formation de cadres et de juges exige l&rsquo;obtention de ces 2 niveaux.<\/p>\n<p><strong><em>Important : <\/em><\/strong><\/p>\n<ul>\n<li>Un planning sera \u00e9tabli lors des stages d&rsquo;\u00e9valuations (niveau A et B) en fonction du nombre d&rsquo;athl\u00e8tes et des \u00e9l\u00e9ments \u00e0 valider, c&rsquo;est pourquoi il sera imp\u00e9ratif de communiquer les point \u00e0 \u00e9valuer lors de l&rsquo;inscription.<\/li>\n<li>Les inscriptions seront pris en compte dans l&rsquo;ordre d&rsquo;arriv\u00e9e (nombre de places limit\u00e9)<\/li>\n<li>La pr\u00e9sence d&rsquo;un professeur de suivi ou cadre du club est fortement conseill\u00e9e lors des stages d&rsquo;apprentissage, afin que les corrections et exigences puissent \u00eatre instaur\u00e9es lors des entra\u00eenements club.<\/li>\n<\/ul>\n<p><em>Recherche de gymnase pour novembre et d\u00e9cembre : l&rsquo;organisation d&rsquo;un stage n&rsquo;exige pas la mise \u00e0 disposition d&rsquo;un gymnase aux \u00e9quipements importants, l&rsquo;accueil et le repas du cadre pr\u00e9sent est pris en charge par le CID, chaque club peut donc candidater. Nous sommes actuellement flexibles sur les dates de novembre et d\u00e9cembre, vous pouvez donc me contacter si vous \u00eates int\u00e9ress\u00e9s ! <\/em><\/p>\n<p>Je reste \u00e0 votre disposition si vous avez des questions.<br \/>\nBien\u00a0 \u00e0 vous,<\/p>\n<p>Caroline Schuster<\/p>\n<p>Membre comit\u00e9 technique CID V4M<\/p>\n<p style=\"text-align: center;\">************************************<\/p>\n<p><span style=\"color: #0000ff;\"><strong>Les supports du 1er degr\u00e9 ont \u00e9t\u00e9 r\u00e9actualis\u00e9s.<\/strong><\/span><\/p>\n<p><strong>Ci-dessous tous les documents, vid\u00e9o, musique et r\u00e9glementation\u00a0<\/strong><\/p>\n<p><a href=\"http:\/\/www.fftbliguedelorraine.fr\/wp-content\/uploads\/2018\/10\/1er-2eme-Degre_NivA_Preparation-Physique_version-2018-08.pdf\"><strong>1er &amp; 2eme Degre_NivA_Preparation Physique_version 2018-08<\/strong><\/a><\/p>\n<p><strong><a href=\"http:\/\/www.fftbliguedelorraine.fr\/wp-content\/uploads\/2018\/10\/1er-Degre_Carnet-de-suivi_version2018-08.pdf\">1er Degre_Carnet de suivi_version2018-08<\/a><\/strong><\/p>\n<p><strong><a href=\"http:\/\/www.fftbliguedelorraine.fr\/wp-content\/uploads\/2018\/10\/1er-Degre_NivA_Lance_version-2018-08.pdf\">1er Degre_NivA_Lance_version 2018-08<\/a><\/strong><\/p>\n<p><strong><a href=\"http:\/\/www.fftbliguedelorraine.fr\/wp-content\/uploads\/2018\/10\/1er-Degre_NivA_Maniement-General_version-2018-08.pdf\">1er Degre_NivA_Maniement General_version 2018-08<\/a><\/strong><\/p>\n<p><strong><a href=\"http:\/\/www.fftbliguedelorraine.fr\/wp-content\/uploads\/2018\/10\/1er-Degre_NivA_Roule_version-2018-08.pdf\">1er Degre_NivA_Roule_version 2018-08<\/a><\/strong><\/p>\n<p><strong><a href=\"http:\/\/www.fftbliguedelorraine.fr\/wp-content\/uploads\/2018\/10\/1er-Degre_NivA_Technique-de-corps_version-2018-08.pdf\">1er Degre_NivA_Technique de corps_version 2018-08<\/a><\/strong><\/p>\n<p><strong><a href=\"http:\/\/www.fftbliguedelorraine.fr\/wp-content\/uploads\/2018\/10\/1er-Degre_NivB_Enchainements_version-2018-08.pdf\">1er Degre_NivB_Enchainements_version 2018-08<\/a><\/strong><\/p>\n<p><strong><span style=\"color: #800000;\">1er degr\u00e9 niveau B musique\u00a0<\/span><\/strong><\/p>\n<p><span style=\"color: #0000ff;\"><strong>Vid\u00e9o du 1er degr\u00e9 annule et remplace la vid\u00e9o pr\u00e9c\u00e9dente (attention ce lien expire le 20\/12\/2018)<\/strong><\/span><\/p>\n<p>=&gt;\u00a0<strong><a href=\"https:\/\/fftb-my.sharepoint.com\/:v:\/g\/personal\/commission_formation_ffstb_fr\/EeuKy3ySR_1LhL268d7DGSMBAxIwN1z0s_hx338J9gZvXg?e=vob11w\">https:\/\/fftb-my.sharepoint.com\/:v:\/g\/personal\/commission_formation_ffstb_fr\/EeuKy3ySR_1LhL268d7DGSMBAxIwN1z0s_hx338J9gZvXg?e=vob11w<\/a><\/strong><\/p>\n<p><span style=\"background-color: #ffcc99;\"><strong>La r\u00e9glementation\u00a0<\/strong><\/span><\/p>\n<p><strong><a href=\"http:\/\/www.fftbliguedelorraine.fr\/wp-content\/uploads\/2018\/10\/MODELE_Declaration-stage-fondamentaux_version-2018.docx\">MODELE_Declaration stage fondamentaux_version 2018<\/a> <\/strong><\/p>\n<p><strong><a href=\"http:\/\/www.fftbliguedelorraine.fr\/wp-content\/uploads\/2018\/10\/MODELE_Rapport-Fondamentaux_version-2018.docx\">MODELE_Rapport Fondamentaux_version 2018<\/a> <\/strong><\/p>\n<p><strong><a href=\"http:\/\/www.fftbliguedelorraine.fr\/wp-content\/uploads\/2018\/10\/REGLEMENTATION-fondamentaux-08.12.15.pdf\">REGLEMENTATION fondamentaux 08.12.15<\/a><\/strong><\/p>\n<p><strong>Lien pour t\u00e9l\u00e9charger :<\/strong><\/p>\n<p><span style=\"color: #0000ff;\"><strong><a style=\"color: #0000ff;\" href=\"https:\/\/fftb-my.sharepoint.com\/:f:\/g\/personal\/commission_formation_ffstb_fr\/EhMQIjm5DehHsi-gomsu_koB_aQ72p5y5H_By0-fhwUtsQ?e=PBMrDI\">https:\/\/fftb-my.sharepoint.com\/:f:\/g\/personal\/commission_formation_ffstb_fr\/EhMQIjm5DehHsi-gomsu_koB_aQ72p5y5H_By0-fhwUtsQ?e=PBMrDI<\/a><\/strong><\/span><\/p>\n<p><strong><span style=\"color: #800080;\">Prochainement les supports pour le 2\u00e8me Degr\u00e9.<\/span><\/strong><\/p>\n","protected":false},"excerpt":{"rendered":"<p>Documents du 1er et 2\u00e8me degr\u00e9s, ainsi que les musiques et les vid\u00e9os pour chaque degr\u00e9 sont disponibles sur le site de la FFSTB, rubrique DOCUMENTS (http:\/\/www.fftwirling.fr\/). Documents Publics Une fois sur le site internet de la FFSTB, en bas \u00e0 droite cliquez sur les fl\u00e8ches jusqu&rsquo;\u00e0 ce que vous arriviez sur Documents FFSTB, et<\/p>\n","protected":false},"author":1,"featured_media":0,"parent":79,"menu_order":0,"comment_status":"closed","ping_status":"closed","template":"","meta":{"footnotes":""},"class_list":["post-89","page","type-page","status-publish","hentry"],"_links":{"self":[{"href":"https:\/\/www.fftbliguedelorraine.fr\/index.php?rest_route=\/wp\/v2\/pages\/89","targetHints":{"allow":["GET"]}}],"collection":[{"href":"https:\/\/www.fftbliguedelorraine.fr\/index.php?rest_route=\/wp\/v2\/pages"}],"about":[{"href":"https:\/\/www.fftbliguedelorraine.fr\/index.php?rest_route=\/wp\/v2\/types\/page"}],"author":[{"embeddable":true,"href":"https:\/\/www.fftbliguedelorraine.fr\/index.php?rest_route=\/wp\/v2\/users\/1"}],"replies":[{"embeddable":true,"href":"https:\/\/www.fftbliguedelorraine.fr\/index.php?rest_route=%2Fwp%2Fv2%2Fcomments&post=89"}],"version-history":[{"count":84,"href":"https:\/\/www.fftbliguedelorraine.fr\/index.php?rest_route=\/wp\/v2\/pages\/89\/revisions"}],"predecessor-version":[{"id":346,"href":"https:\/\/www.fftbliguedelorraine.fr\/index.php?rest_route=\/wp\/v2\/pages\/89\/revisions\/346"}],"up":[{"embeddable":true,"href":"https:\/\/www.fftbliguedelorraine.fr\/index.php?rest_route=\/wp\/v2\/pages\/79"}],"wp:attachment":[{"href":"https:\/\/www.fftbliguedelorraine.fr\/index.php?rest_route=%2Fwp%2Fv2%2Fmedia&parent=89"}],"curies":[{"name":"wp","href":"https:\/\/api.w.org\/{rel}","templated":true}]}}