{"id":7076,"date":"2020-02-18T18:17:02","date_gmt":"2020-02-18T17:17:02","guid":{"rendered":"http:\/\/www.fftbliguedelorraine.fr\/?page_id=7076"},"modified":"2026-03-05T19:33:28","modified_gmt":"2026-03-05T18:33:28","slug":"pre-selectif-n1-n2","status":"publish","type":"page","link":"https:\/\/www.fftbliguedelorraine.fr\/?page_id=7076","title":{"rendered":"Pr\u00e9-S\u00e9lectif N1, N2"},"content":{"rendered":"\n<p>S\u00e9lectifs N1 , N1 \u00e9lite, N2<\/p>\n<p>les 08 et 09 mars 2026&nbsp;<\/p>\n<p>Gymnase de R\u00e9milly&nbsp;<\/p>\n<p>ESL ROUTE DE BECHY<\/p>\n<p>57580 REMILLY&nbsp;<\/p>\n\n\n\n<p><img loading=\"lazy\" decoding=\"async\" class=\"aligncenter size-large wp-image-11637\" src=\"http:\/\/www.fftbliguedelorraine.fr\/wp-content\/uploads\/2026\/02\/AFFICHE-selectif-1024x724.jpg\" alt=\"\" width=\"1024\" height=\"724\" srcset=\"https:\/\/www.fftbliguedelorraine.fr\/wp-content\/uploads\/2026\/02\/AFFICHE-selectif-1024x724.jpg 1024w, https:\/\/www.fftbliguedelorraine.fr\/wp-content\/uploads\/2026\/02\/AFFICHE-selectif-300x212.jpg 300w, https:\/\/www.fftbliguedelorraine.fr\/wp-content\/uploads\/2026\/02\/AFFICHE-selectif-768x543.jpg 768w, https:\/\/www.fftbliguedelorraine.fr\/wp-content\/uploads\/2026\/02\/AFFICHE-selectif-1536x1086.jpg 1536w, https:\/\/www.fftbliguedelorraine.fr\/wp-content\/uploads\/2026\/02\/AFFICHE-selectif-2048x1448.jpg 2048w\" sizes=\"auto, (max-width: 1024px) 100vw, 1024px\" \/><\/p>\n\n\n\n<p><a href=\"http:\/\/www.fftbliguedelorraine.fr\/wp-content\/uploads\/2026\/03\/tarif-entree-N1N2-remilly.pdf\">tarif entr\u00e9e N1N2 remilly<\/a><\/p>\n<p><a href=\"http:\/\/www.fftbliguedelorraine.fr\/wp-content\/uploads\/2026\/03\/tarif-restauration-N1-N2-remilly.pdf\">tarif restauration N1 N2 remilly<\/a><\/p>\n<p><a href=\"http:\/\/www.fftbliguedelorraine.fr\/wp-content\/uploads\/2026\/02\/odp-Selectif-N1-E-N2-1.pdf\">odp S\u00e9l\u00e9ctif N1 E N2 (1)<\/a><\/p>\n\n\n","protected":false},"excerpt":{"rendered":"<p>S\u00e9lectifs N1 , N1 \u00e9lite, N2 les 08 et 09 mars 2026&nbsp; Gymnase de R\u00e9milly&nbsp; ESL ROUTE DE BECHY 57580 REMILLY&nbsp; tarif entr\u00e9e N1N2 remilly tarif restauration N1 N2 remilly odp S\u00e9l\u00e9ctif N1 E N2 (1)<\/p>\n","protected":false},"author":1,"featured_media":0,"parent":16,"menu_order":0,"comment_status":"closed","ping_status":"closed","template":"","meta":{"footnotes":""},"class_list":["post-7076","page","type-page","status-publish","hentry"],"_links":{"self":[{"href":"https:\/\/www.fftbliguedelorraine.fr\/index.php?rest_route=\/wp\/v2\/pages\/7076","targetHints":{"allow":["GET"]}}],"collection":[{"href":"https:\/\/www.fftbliguedelorraine.fr\/index.php?rest_route=\/wp\/v2\/pages"}],"about":[{"href":"https:\/\/www.fftbliguedelorraine.fr\/index.php?rest_route=\/wp\/v2\/types\/page"}],"author":[{"embeddable":true,"href":"https:\/\/www.fftbliguedelorraine.fr\/index.php?rest_route=\/wp\/v2\/users\/1"}],"replies":[{"embeddable":true,"href":"https:\/\/www.fftbliguedelorraine.fr\/index.php?rest_route=%2Fwp%2Fv2%2Fcomments&post=7076"}],"version-history":[{"count":32,"href":"https:\/\/www.fftbliguedelorraine.fr\/index.php?rest_route=\/wp\/v2\/pages\/7076\/revisions"}],"predecessor-version":[{"id":11657,"href":"https:\/\/www.fftbliguedelorraine.fr\/index.php?rest_route=\/wp\/v2\/pages\/7076\/revisions\/11657"}],"up":[{"embeddable":true,"href":"https:\/\/www.fftbliguedelorraine.fr\/index.php?rest_route=\/wp\/v2\/pages\/16"}],"wp:attachment":[{"href":"https:\/\/www.fftbliguedelorraine.fr\/index.php?rest_route=%2Fwp%2Fv2%2Fmedia&parent=7076"}],"curies":[{"name":"wp","href":"https:\/\/api.w.org\/{rel}","templated":true}]}}