{"id":5642,"date":"2018-05-14T19:21:22","date_gmt":"2018-05-14T18:21:22","guid":{"rendered":"http:\/\/www.fftbliguedelorraine.fr\/?page_id=5642"},"modified":"2024-11-27T07:38:15","modified_gmt":"2024-11-27T06:38:15","slug":"comite-directeur","status":"publish","type":"page","link":"https:\/\/www.fftbliguedelorraine.fr\/?page_id=5642","title":{"rendered":"Comit\u00e9 Directeur"},"content":{"rendered":"<p><span style=\"text-decoration: underline;\">Pr\u00e9sident<\/span> : Monsieur Kuster G\u00e9rard (FFTB) &#8211; <strong><span style=\"color: #0000ff;\">contact<\/span><\/strong>\u00a0<strong><span style=\"color: #0000ff;\">=&gt;<\/span><\/strong>\u00a0<a href=\"mailto:g.kuster75@gmail.com\">g.kuster75@gmail.com<\/a><\/p>\n<p><span style=\"text-decoration: underline;\">Vice-Pr\u00e9sident<\/span> : Madame Jacob Fabienne (NBTA)<\/p>\n<p><span style=\"text-decoration: underline;\">Secr\u00e9taire<\/span> : Madame JACQUES Nathalie<\/p>\n<p><span style=\"text-decoration: underline;\">Tr\u00e9sori\u00e8res<\/span> : Madame Vatt\u00e9 Gis\u00e8le (FFTB) Madame EHLINGER Alexandra (NBTA)<\/p>\n<p><span style=\"text-decoration: underline;\">Commission Artistique :<\/span> Madame MAGOT Aur\u00e9lie<\/p>\n<p><span style=\"text-decoration: underline;\">Commission Technique :<\/span> Madame EHLINGER Alexandra\u00a0<\/p>\n<p><span style=\"text-decoration: underline;\">Membres<\/span> : Madame HERTZ B\u00e9atrice &#8211; Madame MAILLARD Betty &#8211; Madame JACQUEMIN Sandra<\/p>\n<p>Monsieur LATAPIE Romain est en charge de la partie artistique FFSTB pour r\u00e9pondre aux questions des Clubs concernant la m\u00e9thodologie et les bar\u00e8mes.<\/p>\n<p><span style=\"text-decoration: underline;\">R\u00e9viseurs aux comptes<\/span> : Madame BERTRAND Edith &#8211; Madame Sandra MEGUIN &#8211;\u00a0 Madame JACQUEMIN Sandra<\/p>\n\n","protected":false},"excerpt":{"rendered":"<p>Pr\u00e9sident : Monsieur Kuster G\u00e9rard (FFTB) &#8211; contact\u00a0=&gt;\u00a0g.kuster75@gmail.com Vice-Pr\u00e9sident : Madame Jacob Fabienne (NBTA) Secr\u00e9taire : Madame JACQUES Nathalie Tr\u00e9sori\u00e8res : Madame Vatt\u00e9 Gis\u00e8le (FFTB) Madame EHLINGER Alexandra (NBTA) Commission Artistique : Madame MAGOT Aur\u00e9lie Commission Technique : Madame EHLINGER Alexandra\u00a0 Membres : Madame HERTZ B\u00e9atrice &#8211; Madame MAILLARD Betty &#8211; Madame JACQUEMIN Sandra Monsieur<\/p>\n","protected":false},"author":1,"featured_media":0,"parent":4794,"menu_order":0,"comment_status":"closed","ping_status":"closed","template":"","meta":{"footnotes":""},"class_list":["post-5642","page","type-page","status-publish","hentry"],"_links":{"self":[{"href":"https:\/\/www.fftbliguedelorraine.fr\/index.php?rest_route=\/wp\/v2\/pages\/5642","targetHints":{"allow":["GET"]}}],"collection":[{"href":"https:\/\/www.fftbliguedelorraine.fr\/index.php?rest_route=\/wp\/v2\/pages"}],"about":[{"href":"https:\/\/www.fftbliguedelorraine.fr\/index.php?rest_route=\/wp\/v2\/types\/page"}],"author":[{"embeddable":true,"href":"https:\/\/www.fftbliguedelorraine.fr\/index.php?rest_route=\/wp\/v2\/users\/1"}],"replies":[{"embeddable":true,"href":"https:\/\/www.fftbliguedelorraine.fr\/index.php?rest_route=%2Fwp%2Fv2%2Fcomments&post=5642"}],"version-history":[{"count":10,"href":"https:\/\/www.fftbliguedelorraine.fr\/index.php?rest_route=\/wp\/v2\/pages\/5642\/revisions"}],"predecessor-version":[{"id":10747,"href":"https:\/\/www.fftbliguedelorraine.fr\/index.php?rest_route=\/wp\/v2\/pages\/5642\/revisions\/10747"}],"up":[{"embeddable":true,"href":"https:\/\/www.fftbliguedelorraine.fr\/index.php?rest_route=\/wp\/v2\/pages\/4794"}],"wp:attachment":[{"href":"https:\/\/www.fftbliguedelorraine.fr\/index.php?rest_route=%2Fwp%2Fv2%2Fmedia&parent=5642"}],"curies":[{"name":"wp","href":"https:\/\/api.w.org\/{rel}","templated":true}]}}