{"id":4749,"date":"2017-05-29T13:41:01","date_gmt":"2017-05-29T12:41:01","guid":{"rendered":"http:\/\/www.fftbliguedelorraine.fr\/?page_id=4749"},"modified":"2024-07-30T17:53:08","modified_gmt":"2024-07-30T16:53:08","slug":"benevoles-de-la-ligue","status":"publish","type":"page","link":"https:\/\/www.fftbliguedelorraine.fr\/?page_id=4749","title":{"rendered":"B\u00e9n\u00e9voles de la Ligue"},"content":{"rendered":"<p style=\"text-align: center;\"><span style=\"background-color: #ffff99;\"><strong>Equipe b\u00e9n\u00e9voles lors de la Finale du Championnat de France National 2 \u00e0 Saint Di\u00e9 des Vosges\u00a0<\/strong><\/span><\/p>\n<p><img loading=\"lazy\" decoding=\"async\" class=\"size-medium wp-image-10478 aligncenter\" src=\"http:\/\/www.fftbliguedelorraine.fr\/wp-content\/uploads\/2024\/07\/benevoles-300x218.jpg\" alt=\"\" width=\"300\" height=\"218\" srcset=\"https:\/\/www.fftbliguedelorraine.fr\/wp-content\/uploads\/2024\/07\/benevoles-300x218.jpg 300w, https:\/\/www.fftbliguedelorraine.fr\/wp-content\/uploads\/2024\/07\/benevoles-1024x745.jpg 1024w, https:\/\/www.fftbliguedelorraine.fr\/wp-content\/uploads\/2024\/07\/benevoles-768x559.jpg 768w, https:\/\/www.fftbliguedelorraine.fr\/wp-content\/uploads\/2024\/07\/benevoles-1536x1117.jpg 1536w, https:\/\/www.fftbliguedelorraine.fr\/wp-content\/uploads\/2024\/07\/benevoles-2048x1490.jpg 2048w\" sizes=\"auto, (max-width: 300px) 100vw, 300px\" \/><\/p>\n<p><img loading=\"lazy\" decoding=\"async\" class=\"size-medium wp-image-8808 aligncenter\" src=\"http:\/\/www.fftbliguedelorraine.fr\/wp-content\/uploads\/2023\/01\/baton000-300x89.png\" alt=\"\" width=\"300\" height=\"89\" srcset=\"https:\/\/www.fftbliguedelorraine.fr\/wp-content\/uploads\/2023\/01\/baton000-300x89.png 300w, https:\/\/www.fftbliguedelorraine.fr\/wp-content\/uploads\/2023\/01\/baton000.png 372w\" sizes=\"auto, (max-width: 300px) 100vw, 300px\" \/><img loading=\"lazy\" decoding=\"async\" class=\"size-full wp-image-9511 aligncenter\" src=\"http:\/\/www.fftbliguedelorraine.fr\/wp-content\/uploads\/2023\/09\/Image3.jpg\" alt=\"\" width=\"800\" height=\"580\" srcset=\"https:\/\/www.fftbliguedelorraine.fr\/wp-content\/uploads\/2023\/09\/Image3.jpg 800w, https:\/\/www.fftbliguedelorraine.fr\/wp-content\/uploads\/2023\/09\/Image3-300x218.jpg 300w, https:\/\/www.fftbliguedelorraine.fr\/wp-content\/uploads\/2023\/09\/Image3-768x557.jpg 768w\" sizes=\"auto, (max-width: 800px) 100vw, 800px\" \/><\/p>\n<p><img loading=\"lazy\" decoding=\"async\" class=\"alignleft size-frontpage_image wp-image-9509\" src=\"http:\/\/www.fftbliguedelorraine.fr\/wp-content\/uploads\/2023\/09\/benevoles-yutz-1024x400.jpg\" alt=\"\" width=\"1024\" height=\"400\" \/><\/p>\n<p><img loading=\"lazy\" decoding=\"async\" class=\"alignleft size-frontpage_image wp-image-9507\" src=\"http:\/\/www.fftbliguedelorraine.fr\/wp-content\/uploads\/2023\/09\/benevoles-saint-die--807x400.jpg\" alt=\"\" width=\"807\" height=\"400\" \/><\/p>\n<p style=\"text-align: center;\">\n<p><img loading=\"lazy\" decoding=\"async\" class=\"aligncenter size-full wp-image-4761\" src=\"http:\/\/www.fftbliguedelorraine.fr\/wp-content\/uploads\/2017\/05\/benevole.jpg\" alt=\"benevole\" width=\"298\" height=\"418\" srcset=\"https:\/\/www.fftbliguedelorraine.fr\/wp-content\/uploads\/2017\/05\/benevole.jpg 298w, https:\/\/www.fftbliguedelorraine.fr\/wp-content\/uploads\/2017\/05\/benevole-214x300.jpg 214w\" sizes=\"auto, (max-width: 298px) 100vw, 298px\" \/><\/p>\n<p><img loading=\"lazy\" decoding=\"async\" class=\"aligncenter size-full wp-image-4757\" src=\"http:\/\/www.fftbliguedelorraine.fr\/wp-content\/uploads\/2017\/05\/b\u00e9n\u00e9voles.jpg\" alt=\"b\u00e9n\u00e9voles\" width=\"720\" height=\"500\" srcset=\"https:\/\/www.fftbliguedelorraine.fr\/wp-content\/uploads\/2017\/05\/b\u00e9n\u00e9voles.jpg 720w, https:\/\/www.fftbliguedelorraine.fr\/wp-content\/uploads\/2017\/05\/b\u00e9n\u00e9voles-300x208.jpg 300w\" sizes=\"auto, (max-width: 720px) 100vw, 720px\" \/><\/p>\n","protected":false},"excerpt":{"rendered":"<p>Equipe b\u00e9n\u00e9voles lors de la Finale du Championnat de France National 2 \u00e0 Saint Di\u00e9 des Vosges\u00a0<\/p>\n","protected":false},"author":1,"featured_media":0,"parent":91,"menu_order":0,"comment_status":"closed","ping_status":"closed","template":"","meta":{"footnotes":""},"class_list":["post-4749","page","type-page","status-publish","hentry"],"_links":{"self":[{"href":"https:\/\/www.fftbliguedelorraine.fr\/index.php?rest_route=\/wp\/v2\/pages\/4749","targetHints":{"allow":["GET"]}}],"collection":[{"href":"https:\/\/www.fftbliguedelorraine.fr\/index.php?rest_route=\/wp\/v2\/pages"}],"about":[{"href":"https:\/\/www.fftbliguedelorraine.fr\/index.php?rest_route=\/wp\/v2\/types\/page"}],"author":[{"embeddable":true,"href":"https:\/\/www.fftbliguedelorraine.fr\/index.php?rest_route=\/wp\/v2\/users\/1"}],"replies":[{"embeddable":true,"href":"https:\/\/www.fftbliguedelorraine.fr\/index.php?rest_route=%2Fwp%2Fv2%2Fcomments&post=4749"}],"version-history":[{"count":14,"href":"https:\/\/www.fftbliguedelorraine.fr\/index.php?rest_route=\/wp\/v2\/pages\/4749\/revisions"}],"predecessor-version":[{"id":11585,"href":"https:\/\/www.fftbliguedelorraine.fr\/index.php?rest_route=\/wp\/v2\/pages\/4749\/revisions\/11585"}],"up":[{"embeddable":true,"href":"https:\/\/www.fftbliguedelorraine.fr\/index.php?rest_route=\/wp\/v2\/pages\/91"}],"wp:attachment":[{"href":"https:\/\/www.fftbliguedelorraine.fr\/index.php?rest_route=%2Fwp%2Fv2%2Fmedia&parent=4749"}],"curies":[{"name":"wp","href":"https:\/\/api.w.org\/{rel}","templated":true}]}}