{"id":4389,"date":"2017-03-03T18:09:59","date_gmt":"2017-03-03T17:09:59","guid":{"rendered":"http:\/\/www.fftbliguedelorraine.fr\/?page_id=4389"},"modified":"2017-03-03T18:14:57","modified_gmt":"2017-03-03T17:14:57","slug":"droit-a-limage-2","status":"publish","type":"page","link":"https:\/\/www.fftbliguedelorraine.fr\/?page_id=4389","title":{"rendered":"Droit \u00e0 l&rsquo;image"},"content":{"rendered":"<h6>Document \u00e0 t\u00e9l\u00e9charger \u00ab\u00a0Droit \u00e0 l\u2019image\u00a0\u00bb \u00e0 remplir et \u00e0 transmettre \u00e0<\/h6>\n<h6>Marjorie\u00a0Bondarewicz<\/h6>\n<h6>Merci<\/h6>\n<p><img loading=\"lazy\" decoding=\"async\" class=\"aligncenter size-full wp-image-2179\" src=\"http:\/\/www.fftbliguedelorraine.fr\/wp-content\/uploads\/2013\/08\/marjorie-.jpg\" alt=\"marjorie\" width=\"150\" height=\"110\" \/><\/p>\n<p><span style=\"color: #000000;\"><strong>=&gt;\u00a0<span style=\"color: #800080;\"><a style=\"color: #800080;\" href=\"http:\/\/www.fftbliguedelorraine.fr\/wp-content\/uploads\/2017\/03\/AUTORISATION-DE-REPRODUCTION-ET-DE-REPRESENTATION-DE-PHOTOGRAPHIES-POUR-UNE-PERSONNE-MAJEURE-OU-MINEURE.pdf\">AUTORISATION DE REPRODUCTION ET DE REPRESENTATION DE PHOTOGRAPHIES POUR UNE PERSONNE MAJEURE OU MINEURE<\/a>\u00a0<\/span><\/strong><\/span><\/p>\n","protected":false},"excerpt":{"rendered":"<p>Document \u00e0 t\u00e9l\u00e9charger \u00ab\u00a0Droit \u00e0 l\u2019image\u00a0\u00bb \u00e0 remplir et \u00e0 transmettre \u00e0 Marjorie\u00a0Bondarewicz Merci =&gt;\u00a0AUTORISATION DE REPRODUCTION ET DE REPRESENTATION DE PHOTOGRAPHIES POUR UNE PERSONNE MAJEURE OU MINEURE\u00a0<\/p>\n","protected":false},"author":1,"featured_media":0,"parent":75,"menu_order":0,"comment_status":"closed","ping_status":"closed","template":"","meta":{"footnotes":""},"class_list":["post-4389","page","type-page","status-publish","hentry"],"_links":{"self":[{"href":"https:\/\/www.fftbliguedelorraine.fr\/index.php?rest_route=\/wp\/v2\/pages\/4389","targetHints":{"allow":["GET"]}}],"collection":[{"href":"https:\/\/www.fftbliguedelorraine.fr\/index.php?rest_route=\/wp\/v2\/pages"}],"about":[{"href":"https:\/\/www.fftbliguedelorraine.fr\/index.php?rest_route=\/wp\/v2\/types\/page"}],"author":[{"embeddable":true,"href":"https:\/\/www.fftbliguedelorraine.fr\/index.php?rest_route=\/wp\/v2\/users\/1"}],"replies":[{"embeddable":true,"href":"https:\/\/www.fftbliguedelorraine.fr\/index.php?rest_route=%2Fwp%2Fv2%2Fcomments&post=4389"}],"version-history":[{"count":3,"href":"https:\/\/www.fftbliguedelorraine.fr\/index.php?rest_route=\/wp\/v2\/pages\/4389\/revisions"}],"predecessor-version":[{"id":4394,"href":"https:\/\/www.fftbliguedelorraine.fr\/index.php?rest_route=\/wp\/v2\/pages\/4389\/revisions\/4394"}],"up":[{"embeddable":true,"href":"https:\/\/www.fftbliguedelorraine.fr\/index.php?rest_route=\/wp\/v2\/pages\/75"}],"wp:attachment":[{"href":"https:\/\/www.fftbliguedelorraine.fr\/index.php?rest_route=%2Fwp%2Fv2%2Fmedia&parent=4389"}],"curies":[{"name":"wp","href":"https:\/\/api.w.org\/{rel}","templated":true}]}}