{"id":1491,"date":"2014-06-15T08:32:56","date_gmt":"2014-06-15T07:32:56","guid":{"rendered":"http:\/\/www.fftbliguedelorraine.fr\/?page_id=1491"},"modified":"2014-06-15T08:51:57","modified_gmt":"2014-06-15T07:51:57","slug":"creps-de-lorraine","status":"publish","type":"page","link":"http:\/\/www.fftbliguedelorraine.fr\/?page_id=1491","title":{"rendered":"Creps de Lorraine"},"content":{"rendered":"<p><a href=\"http:\/\/www.fftbliguedelorraine.fr\/wp-content\/uploads\/2014\/06\/Newsletter-N\u00b0-43.pdf\"><img decoding=\"async\" alt=\"\" src=\"http:\/\/www.icone-gif.com\/gif\/webmaster\/elements\/element-graphique-gif-026.gif\" \/>\u00a0<span style=\"text-decoration: underline;\"><strong>Newsletter N\u00b0 43<\/strong><\/span><\/a><\/p>\n<p>Newsletter N\u00b0 43 du CREPS de LORRAINE, journal interne de l\u2019\u00e9tablissement, r\u00e9alis\u00e9e par le Comit\u00e9 de R\u00e9daction.<\/p>\n<p>Cette publication pr\u00e9sente la vie de l\u2019\u00e9tablissement, les performances sportives de nos athl\u00e8tes, les stages et sessions de formation qui s\u2019y d\u00e9roulent, ainsi que les diverses actions de partenariat.<\/p>\n<p>La Newsletter est \u00e9galement t\u00e9l\u00e9chargeable sur le site Internet du CREPS de LORRAINE, \u00e0 la rubrique \u00a0\u00ab\u00a0Creps Infos\u00a0\u00bb\u00a0:<\/p>\n<p><a href=\"http:\/\/www.creps-nancy.sports.gouv.fr\/\" target=\"_blank\">http:\/\/www.creps-nancy.sports.gouv.fr<\/a><\/p>\n<p>Le Directeur du CREPS de LORRAINE :<\/p>\n<p>Dominique NATO<\/p>\n<p style=\"text-align: center;\">*********************<\/p>\n<p><span style=\"font-family: Arial;\"><span style=\"font-size: medium;\">Val\u00e9rie CRESSON<\/span><\/span><\/p>\n<p><span style=\"font-family: Arial; font-size: medium;\">Responsable du Centre de Documentation<\/span><\/p>\n<p><span style=\"font-family: Arial; font-size: medium;\">CREPS <span style=\"font-family: 'Times New Roman'; font-size: medium;\">de<\/span> Nancy<\/span><\/p>\n<p><span style=\"font-family: Arial; font-size: medium;\">1, Avenue Foch <\/span><\/p>\n<p><span style=\"font-family: Arial; font-size: medium;\">CS 30020<\/span><\/p>\n<p><span style=\"font-family: Arial; font-size: medium;\">54271\u00a0 Essey-les-Nancy Cedex<\/span><\/p>\n<p><span style=\"font-family: Arial;\"><span style=\"font-size: medium;\"><span style=\"font-size: small;\">Tel<\/span> :\u00a0\u00a0\u00a0\u00a0\u00a0\u00a0 03 83 18 51 96\u00a0<\/span><\/span><\/p>\n<p><span style=\"font-size: small;\">Site :\u00a0<\/span><a tabindex=\"0\" href=\"http:\/\/www.creps-nancy.sports.gouv.fr\/\" target=\"_blank\"><span style=\"font-size: small;\">http:\/\/www.creps-nancy.sports.gouv.fr<\/span><\/a><\/p>\n<p><span style=\"font-size: xx-small;\"><span style=\"font-size: small;\">Courriel :<\/span>\u00a0\u00a0<\/span><a tabindex=\"0\" href=\"mailto:valerie.cresson@creps-lorraine.sports.gouv.fr\"><span style=\"font-size: xx-small;\">valerie.cresson<strong>@creps-lorraine.sports.gouv.fr<\/strong><\/span><\/a><\/p>\n","protected":false},"excerpt":{"rendered":"<p>\u00a0Newsletter N\u00b0 43 Newsletter N\u00b0 43 du CREPS de LORRAINE, journal interne de l\u2019\u00e9tablissement, r\u00e9alis\u00e9e par le Comit\u00e9 de R\u00e9daction. Cette publication pr\u00e9sente la vie de l\u2019\u00e9tablissement, les performances sportives de nos athl\u00e8tes, les stages et sessions de formation qui s\u2019y d\u00e9roulent, ainsi que les diverses actions de partenariat. La Newsletter est \u00e9galement t\u00e9l\u00e9chargeable sur<\/p>\n","protected":false},"author":1,"featured_media":0,"parent":1351,"menu_order":0,"comment_status":"closed","ping_status":"closed","template":"","meta":{"footnotes":""},"class_list":["post-1491","page","type-page","status-publish","hentry"],"_links":{"self":[{"href":"http:\/\/www.fftbliguedelorraine.fr\/index.php?rest_route=\/wp\/v2\/pages\/1491","targetHints":{"allow":["GET"]}}],"collection":[{"href":"http:\/\/www.fftbliguedelorraine.fr\/index.php?rest_route=\/wp\/v2\/pages"}],"about":[{"href":"http:\/\/www.fftbliguedelorraine.fr\/index.php?rest_route=\/wp\/v2\/types\/page"}],"author":[{"embeddable":true,"href":"http:\/\/www.fftbliguedelorraine.fr\/index.php?rest_route=\/wp\/v2\/users\/1"}],"replies":[{"embeddable":true,"href":"http:\/\/www.fftbliguedelorraine.fr\/index.php?rest_route=%2Fwp%2Fv2%2Fcomments&post=1491"}],"version-history":[{"count":3,"href":"http:\/\/www.fftbliguedelorraine.fr\/index.php?rest_route=\/wp\/v2\/pages\/1491\/revisions"}],"predecessor-version":[{"id":1496,"href":"http:\/\/www.fftbliguedelorraine.fr\/index.php?rest_route=\/wp\/v2\/pages\/1491\/revisions\/1496"}],"up":[{"embeddable":true,"href":"http:\/\/www.fftbliguedelorraine.fr\/index.php?rest_route=\/wp\/v2\/pages\/1351"}],"wp:attachment":[{"href":"http:\/\/www.fftbliguedelorraine.fr\/index.php?rest_route=%2Fwp%2Fv2%2Fmedia&parent=1491"}],"curies":[{"name":"wp","href":"https:\/\/api.w.org\/{rel}","templated":true}]}}

<p><a href="http://www.fftbliguedelorraine.fr/wp-content/uploads/2014/06/Newsletter-N°-43.pdf"><img decoding="async" alt="" src="http://www.icone-gif.com/gif/webmaster/elements/element-graphique-gif-026.gif" /> <span style="text-decoration: underline;"><strong>Newsletter N° 43</strong></span></a></p>
<p>Newsletter N° 43 du CREPS de LORRAINE, journal interne de l’établissement, réalisée par le Comité de Rédaction.</p>
<p>Cette publication présente la vie de l’établissement, les performances sportives de nos athlètes, les stages et sessions de formation qui s’y déroulent, ainsi que les diverses actions de partenariat.</p>
<p>La Newsletter est également téléchargeable sur le site Internet du CREPS de LORRAINE, à la rubrique  « Creps Infos » :</p>
<p><a href="http://www.creps-nancy.sports.gouv.fr/" target="_blank">http://www.creps-nancy.sports.gouv.fr</a></p>
<p>Le Directeur du CREPS de LORRAINE :</p>
<p>Dominique NATO</p>
<p style="text-align: center;">*********************</p>
<p><span style="font-family: Arial;"><span style="font-size: medium;">Valérie CRESSON</span></span></p>
<p><span style="font-family: Arial; font-size: medium;">Responsable du Centre de Documentation</span></p>
<p><span style="font-family: Arial; font-size: medium;">CREPS <span style="font-family: 'Times New Roman'; font-size: medium;">de</span> Nancy</span></p>
<p><span style="font-family: Arial; font-size: medium;">1, Avenue Foch </span></p>
<p><span style="font-family: Arial; font-size: medium;">CS 30020</span></p>
<p><span style="font-family: Arial; font-size: medium;">54271  Essey-les-Nancy Cedex</span></p>
<p><span style="font-family: Arial;"><span style="font-size: medium;"><span style="font-size: small;">Tel</span> :       03 83 18 51 96 </span></span></p>
<p><span style="font-size: small;">Site : </span><a tabindex="0" href="http://www.creps-nancy.sports.gouv.fr/" target="_blank"><span style="font-size: small;">http://www.creps-nancy.sports.gouv.fr</span></a></p>
<p><span style="font-size: xx-small;"><span style="font-size: small;">Courriel :</span>  </span><a tabindex="0" href="mailto:valerie.cresson@creps-lorraine.sports.gouv.fr"><span style="font-size: xx-small;">valerie.cresson<strong>@creps-lorraine.sports.gouv.fr</strong></span></a></p>

<p> Newsletter N° 43 Newsletter N° 43 du CREPS de LORRAINE, journal interne de l’établissement, réalisée par le Comité de Rédaction. Cette publication présente la vie de l’établissement, les performances sportives de nos athlètes, les stages et sessions de formation qui s’y déroulent, ainsi que les diverses actions de partenariat. La Newsletter est également téléchargeable sur</p>
