{"id":222,"date":"2013-08-27T12:22:48","date_gmt":"2013-08-27T11:22:48","guid":{"rendered":"http:\/\/localhost\/wordpress\/wp-content\/uploads\/2013\/08\/tour-de-la-liberte-a.jpg"},"modified":"2013-08-27T12:22:48","modified_gmt":"2013-08-27T11:22:48","slug":"tour-de-la-liberte-a","status":"inherit","type":"attachment","link":"http:\/\/www.fftbliguedelorraine.fr\/?attachment_id=222","title":{"rendered":"Tour de la Libert\u00e9 \u00e0 Saint-Di\u00e9"},"author":1,"featured_media":0,"comment_status":"closed","ping_status":"closed","template":"","meta":[],"class_list":["post-222","attachment","type-attachment","status-inherit","hentry"],"description":{"rendered":"<p class=\"attachment\"><a href='http:\/\/www.fftbliguedelorraine.fr\/wp-content\/uploads\/2013\/08\/tour-de-la-liberte-a.jpg'><img loading=\"lazy\" decoding=\"async\" width=\"300\" height=\"224\" src=\"http:\/\/www.fftbliguedelorraine.fr\/wp-content\/uploads\/2013\/08\/tour-de-la-liberte-a-300x224.jpg\" class=\"attachment-medium size-medium\" alt=\"\" srcset=\"http:\/\/www.fftbliguedelorraine.fr\/wp-content\/uploads\/2013\/08\/tour-de-la-liberte-a-300x224.jpg 300w, http:\/\/www.fftbliguedelorraine.fr\/wp-content\/uploads\/2013\/08\/tour-de-la-liberte-a.jpg 550w\" sizes=\"auto, (max-width: 300px) 100vw, 300px\" \/><\/a><\/p>\n"},"caption":{"rendered":"<p>Grand oiseau de m\u00e9tal blanc symbolisant la Libert\u00e9<\/p>\n"},"alt_text":"","media_type":"image","mime_type":"image\/jpeg","media_details":{"width":550,"height":412,"file":"2013\/08\/tour-de-la-liberte-a.jpg","sizes":{"thumbnail":{"file":"tour-de-la-liberte-a-150x150.jpg","width":150,"height":150,"mime_type":"image\/jpeg","source_url":"http:\/\/www.fftbliguedelorraine.fr\/wp-content\/uploads\/2013\/08\/tour-de-la-liberte-a-150x150.jpg"},"medium":{"file":"tour-de-la-liberte-a-300x224.jpg","width":300,"height":224,"mime_type":"image\/jpeg","source_url":"http:\/\/www.fftbliguedelorraine.fr\/wp-content\/uploads\/2013\/08\/tour-de-la-liberte-a-300x224.jpg"},"featured_image":{"file":"tour-de-la-liberte-a-550x180.jpg","width":550,"height":180,"mime_type":"image\/jpeg","source_url":"http:\/\/www.fftbliguedelorraine.fr\/wp-content\/uploads\/2013\/08\/tour-de-la-liberte-a-550x180.jpg"},"frontpage_image":{"file":"tour-de-la-liberte-a-550x400.jpg","width":550,"height":400,"mime_type":"image\/jpeg","source_url":"http:\/\/www.fftbliguedelorraine.fr\/wp-content\/uploads\/2013\/08\/tour-de-la-liberte-a-550x400.jpg"},"widget_post_thumb":{"file":"tour-de-la-liberte-a-60x60.jpg","width":60,"height":60,"mime_type":"image\/jpeg","source_url":"http:\/\/www.fftbliguedelorraine.fr\/wp-content\/uploads\/2013\/08\/tour-de-la-liberte-a-60x60.jpg"},"full":{"file":"tour-de-la-liberte-a.jpg","width":550,"height":412,"mime_type":"image\/jpeg","source_url":"http:\/\/www.fftbliguedelorraine.fr\/wp-content\/uploads\/2013\/08\/tour-de-la-liberte-a.jpg"}},"image_meta":{"aperture":0,"credit":"","camera":"","caption":"","created_timestamp":0,"copyright":"","focal_length":0,"iso":0,"shutter_speed":0,"title":""}},"post":106,"source_url":"http:\/\/www.fftbliguedelorraine.fr\/wp-content\/uploads\/2013\/08\/tour-de-la-liberte-a.jpg","_links":{"self":[{"href":"http:\/\/www.fftbliguedelorraine.fr\/index.php?rest_route=\/wp\/v2\/media\/222","targetHints":{"allow":["GET"]}}],"collection":[{"href":"http:\/\/www.fftbliguedelorraine.fr\/index.php?rest_route=\/wp\/v2\/media"}],"about":[{"href":"http:\/\/www.fftbliguedelorraine.fr\/index.php?rest_route=\/wp\/v2\/types\/attachment"}],"author":[{"embeddable":true,"href":"http:\/\/www.fftbliguedelorraine.fr\/index.php?rest_route=\/wp\/v2\/users\/1"}],"replies":[{"embeddable":true,"href":"http:\/\/www.fftbliguedelorraine.fr\/index.php?rest_route=%2Fwp%2Fv2%2Fcomments&post=222"}],"wp:attached-to":[{"embeddable":true,"post_type":"page","id":106,"href":"http:\/\/www.fftbliguedelorraine.fr\/index.php?rest_route=\/wp\/v2\/pages\/106"}],"curies":[{"name":"wp","href":"https:\/\/api.w.org\/{rel}","templated":true}]}}

Tour de la Liberté à Saint-Dié

<p>Grand oiseau de métal blanc symbolisant la Liberté</p>
